{"id":202540,"date":"2012-02-07T11:09:58","date_gmt":"2012-02-07T16:09:58","guid":{"rendered":"http:\/\/diarioelpopular.com\/?page_id=202540"},"modified":"2012-02-07T11:09:58","modified_gmt":"2012-02-07T16:09:58","slug":"condiciones-para-comentar-en-el-diario-el-popular","status":"publish","type":"page","link":"https:\/\/diarioelpopular.com\/index.php\/condiciones-para-comentar-en-el-diario-el-popular\/","title":{"rendered":"Condiciones para comentar en el diario El Popular"},"content":{"rendered":"<ul>\n<li>No se aceptar\u00e1n comentarios cuyo contenido o enlaces puedan ser considerados difamatorios, vejatorios, insultantes, injuriantes o contrarios a las leyes canadienses, incluyendo los que constituyan apolog\u00eda del terrorismo o de la violencia en general, o aquellos que puedan suponer cualquier violaci\u00f3n de los derechos de los menores y la infancia.<\/li>\n<li>No se admitir\u00e1n comentarios con contenido racista, sexista, hom\u00f3fobo, discriminatorio por identidad de g\u00e9nero o que, en general, puedan interpretarse como un ataque hacia cualquier colectivo o minor\u00eda en base a aspectos como la nacionalidad, el sexo, la religi\u00f3n, la edad o cualquier tipo de discapacidad f\u00edsica o mental.<\/li>\n<li>No se admitir\u00e1n comentarios que hagan apolog\u00eda de cualquier tipo de crueldad hacia los animales.<\/li>\n<li>Los comentarios no podr\u00e1n incluir amenazas, insultos, ni ataques personales a otros participantes en el foro de debate.<\/li>\n<li>No se aceptar\u00e1n comentarios que alberguen spam, publicidad comercial o material especialmente protegido por derechos de autor.<\/li>\n<li>Los comentarios cuya \u00fanica finalidad sea manifiestamente reventar o sabotear el debate (un mismo p\u00e1rrafo, enlace, frase, etc. repetido muchas veces, por ejemplo) ser\u00e1n eliminados.<\/li>\n<li>Los comentarios con contenido obsceno o pornogr\u00e1fico podr\u00e1n ser eliminados en el caso de que el diario <a href=\"https:\/\/diarioelpopular.com\/\"><em><strong>El Popular<\/strong><\/em><\/a> considere que pueden atentar contra los derechos de sus potenciales lectores menores de edad.<\/li>\n<li>Los comentarios no reflejan la opini\u00f3n del diario <a href=\"https:\/\/diarioelpopular.com\/\"><em><strong>El Popular<\/strong><\/em><\/a>, sino la de los internautas, y son ellos los \u00fanicos responsables de las opiniones vertidas.<\/li>\n<\/ul>\n","protected":false},"excerpt":{"rendered":"<p>No se aceptar\u00e1n comentarios cuyo contenido o enlaces puedan ser considerados difamatorios, vejatorios, insultantes, injuriantes o contrarios a las leyes canadienses, incluyendo los que constituyan&hellip;<\/p>\n","protected":false},"author":1,"featured_media":0,"parent":0,"menu_order":0,"comment_status":"closed","ping_status":"open","template":"","meta":{"footnotes":""},"class_list":["post-202540","page","type-page","status-publish","hentry"],"_links":{"self":[{"href":"https:\/\/diarioelpopular.com\/index.php\/wp-json\/wp\/v2\/pages\/202540","targetHints":{"allow":["GET"]}}],"collection":[{"href":"https:\/\/diarioelpopular.com\/index.php\/wp-json\/wp\/v2\/pages"}],"about":[{"href":"https:\/\/diarioelpopular.com\/index.php\/wp-json\/wp\/v2\/types\/page"}],"author":[{"embeddable":true,"href":"https:\/\/diarioelpopular.com\/index.php\/wp-json\/wp\/v2\/users\/1"}],"replies":[{"embeddable":true,"href":"https:\/\/diarioelpopular.com\/index.php\/wp-json\/wp\/v2\/comments?post=202540"}],"version-history":[{"count":0,"href":"https:\/\/diarioelpopular.com\/index.php\/wp-json\/wp\/v2\/pages\/202540\/revisions"}],"wp:attachment":[{"href":"https:\/\/diarioelpopular.com\/index.php\/wp-json\/wp\/v2\/media?parent=202540"}],"curies":[{"name":"wp","href":"https:\/\/api.w.org\/{rel}","templated":true}]}}