{"id":512298,"date":"2023-08-20T11:50:44","date_gmt":"2023-08-20T15:50:44","guid":{"rendered":"https:\/\/diarioelpopular.com\/?page_id=512298"},"modified":"2023-08-20T11:50:44","modified_gmt":"2023-08-20T15:50:44","slug":"gusanos-que-secretan-una-peligrosa-toxina-paralizante-se-propagan-en-montreal","status":"publish","type":"page","link":"https:\/\/diarioelpopular.com\/index.php\/gusanos-que-secretan-una-peligrosa-toxina-paralizante-se-propagan-en-montreal\/","title":{"rendered":"Gusanos que secretan una peligrosa toxina paralizante se propagan en Montreal"},"content":{"rendered":"<p><img loading=\"lazy\" decoding=\"async\" class=\"alignnone size-custom-full-size wp-image-512299\" src=\"https:\/\/diarioelpopular.com\/wp-content\/uploads\/2023\/08\/Screen-Shot-2023-08-20-at-11.50.06-AM-636x420.png\" alt=\"\" width=\"636\" height=\"420\" srcset=\"https:\/\/diarioelpopular.com\/wp-content\/uploads\/2023\/08\/Screen-Shot-2023-08-20-at-11.50.06-AM-636x420.png 636w, https:\/\/diarioelpopular.com\/wp-content\/uploads\/2023\/08\/Screen-Shot-2023-08-20-at-11.50.06-AM-300x198.png 300w, https:\/\/diarioelpopular.com\/wp-content\/uploads\/2023\/08\/Screen-Shot-2023-08-20-at-11.50.06-AM-768x507.png 768w, https:\/\/diarioelpopular.com\/wp-content\/uploads\/2023\/08\/Screen-Shot-2023-08-20-at-11.50.06-AM-85x55.png 85w, https:\/\/diarioelpopular.com\/wp-content\/uploads\/2023\/08\/Screen-Shot-2023-08-20-at-11.50.06-AM-111x73.png 111w, https:\/\/diarioelpopular.com\/wp-content\/uploads\/2023\/08\/Screen-Shot-2023-08-20-at-11.50.06-AM.png 1024w\" sizes=\"auto, (max-width: 636px) 100vw, 636px\" \/><\/p>\n<p>&nbsp;<\/p>\n<p>&nbsp;<\/p>\n<ul>\n<li><em><strong>Una especie de gusano invasor de Asia que secreta una toxina peligrosa y paralizante ha sido detectada en el \u00e1rea de Montreal.<\/strong><\/em><\/li>\n<\/ul>\n<p>&nbsp;<\/p>\n<p><em><strong>MONTREAL.-<\/strong><\/em> Lisa Osterland, una maestra jubilada, encontr\u00f3 una veintena de platelmintos cabeza de martillo a principios de esta semana mientras quitaba babosas que com\u00edan flores en su jard\u00edn en Westmount, Que., un municipio en la isla de Montreal.<\/p>\n<p>No reconoci\u00f3 al invertebrado hasta que se encontr\u00f3 con un informe de CNN unos d\u00edas despu\u00e9s que indicaba que los gusanos planos se estaban extendiendo por todo el estado de Nueva York.<\/p>\n<p>\u201cLa forma del gusano era la misma que vi\u201d en el jard\u00edn, dijo Osterland a The Canadian Press.<\/p>\n<p>La jubilada dijo que recolect\u00f3 los gusanos por la noche, cuando parec\u00edan estar m\u00e1s activos, y luego se los entreg\u00f3 a un equipo de entom\u00f3logos de la Universidad de Montreal. Entre ellos estaba \u00c9tienne Normandin, quien dijo que el equipo recibi\u00f3 unos 20 espec\u00edmenes de Osterland.<\/p>\n<p>\u201cHay una regla entre los bi\u00f3logos de que cuando encuentras un esp\u00e9cimen de una especie invasora, puedes multiplicarlo por 100 para estimar la poblaci\u00f3n\u201d, dijo. \u201cTenemos alrededor de cuarenta espec\u00edmenes observados en los \u00faltimos a\u00f1os en Quebec, si no m\u00e1s. Entonces podemos estimar que la poblaci\u00f3n de platelmintos cabeza de martillo goza de buena salud\u201d.<\/p>\n<p>Se han registrado algunos avistamientos de platelmintos cabeza de martillo en Gatineau y Montreal en los \u00faltimos a\u00f1os, pero esta es la primera vez que se informan tantos individuos en Quebec.<\/p>\n<p>Normandin describi\u00f3 su proliferaci\u00f3n como motivo de preocupaci\u00f3n, sobre todo porque secretan una toxina paralizante, la tetrodotoxina, &#8220;una de las mol\u00e9culas m\u00e1s poderosas del mundo biol\u00f3gico&#8221; y &#8220;la misma mol\u00e9cula producida por el pez globo&#8221;.<\/p>\n<p>\u201cSi un ni\u00f1o peque\u00f1o se mete tierra en la boca e ingiere un gusano plano o dos o m\u00e1s, existe un riesgo real de da\u00f1o\u201d, advirti\u00f3. \u201cSi se ingiere, es una toxina que atacar\u00e1 primero la regi\u00f3n perioral, es decir, la cara, la lengua y todo lo que se encuentra en el es\u00f3fago\u201d.<\/p>\n<p>\u201cEn tal caso, el ni\u00f1o necesita ser hospitalizado muy r\u00e1pidamente\u201d.<\/p>\n<p>Los platelmintos cabeza de martillo tambi\u00e9n son un peligro para las aves, los perros y otros animales que frecuentan los jardines, as\u00ed como para la biodiversidad del suelo.<\/p>\n<p>La especie invasora no tiene depredadores locales y se alimenta de babosas, caracoles y milpi\u00e9s, explic\u00f3 Normandin, especies que, dijo, \u201cbrindan un servicio muy importante, que es el reciclaje de materia org\u00e1nica\u201d. Por lo tanto, el gusano puede amenazar el equilibrio ecol\u00f3gico.<\/p>\n<p>Su \u201cimpacto negativo en las comunidades de invertebrados del suelo\u201d ya se ha observado en Francia, se\u00f1al\u00f3 el entom\u00f3logo.<\/p>\n<p>\u201cEstamos viendo lentamente los efectos a largo plazo de esto\u201d, dijo. \u201cPodemos esperar un da\u00f1o similar a nuestra fauna del suelo a lo largo de los a\u00f1os\u201d.<\/p>\n<p>El gusano se origin\u00f3 en Asia y probablemente fue transportado a Am\u00e9rica del Norte en barcos de carga que transportaban plantas, dijo Normandin.<\/p>\n<p>\u201cA menudo se encuentra en vecindarios acomodados\u201d, dijo, citando a Westmount como ejemplo. \u201cEn estos barrios muchas veces tenemos mucho paisajismo, tenemos especies de plantas ex\u00f3ticas que son hermosas\u201d e importadas de otros pa\u00edses.<\/p>\n<p>El gusano plano cabeza de martillo fue observado por primera vez en Montreal en 2018 por un miembro del equipo de entomolog\u00eda de la Universidad de Montreal, pero Normandin teoriz\u00f3 que es posible que &#8220;ya se haya establecido en los vecindarios alrededor de Mount Royal&#8221;, la gran colina boscosa en el coraz\u00f3n de la ciudad.<\/p>\n<p>Seg\u00fan Environment and Climate Change Canada, las especies invasoras pueden costarle a la econom\u00eda mundial miles de millones de d\u00f3lares cada a\u00f1o a trav\u00e9s de impactos negativos en la productividad forestal, la agricultura y la pesca, as\u00ed como a trav\u00e9s de medidas para controlar su propagaci\u00f3n.<\/p>\n<p>Dichas especies representan una &#8220;amenaza emergente para los ecosistemas del norte de Canad\u00e1 a medida que el clima se calienta y las especies intolerantes a las condiciones clim\u00e1ticas del norte actuales ampl\u00edan sus rangos&#8221;, afirma Environment and Climate Change Canada en su sitio web.<\/p>\n<p>Tradicionalmente, cuando llega una especie invasora de Asia, \u201cel invierno de Quebec la mata\u201d, dijo Normandin. Pero ahora, las temperaturas promedio m\u00e1s altas debido al cambio clim\u00e1tico \u201c(ofrecen) una especie como el gusano plano cabeza de martillo una oportunidad adicional para desarrollarse\u201d.<\/p>\n<p>En un intercambio de correos electr\u00f3nicos con The Canadian Press, el Departamento de Medio Ambiente de Quebec indic\u00f3 que debido a que, \u201cen la actualidad, (no) est\u00e1 rastreando a esta especie\u201d, su \u201cpotencial para establecerse de manera sostenible en Quebec y los impactos que podr\u00eda haber no han sido evaluados. \u201d<\/p>\n","protected":false},"excerpt":{"rendered":"<p>&nbsp; &nbsp; Una especie de gusano invasor de Asia que secreta una toxina peligrosa y paralizante ha sido detectada en el \u00e1rea de Montreal. &nbsp;&hellip;<\/p>\n","protected":false},"author":99,"featured_media":512299,"parent":0,"menu_order":0,"comment_status":"closed","ping_status":"closed","template":"","meta":{"footnotes":""},"class_list":["post-512298","page","type-page","status-publish","has-post-thumbnail","hentry"],"_links":{"self":[{"href":"https:\/\/diarioelpopular.com\/index.php\/wp-json\/wp\/v2\/pages\/512298","targetHints":{"allow":["GET"]}}],"collection":[{"href":"https:\/\/diarioelpopular.com\/index.php\/wp-json\/wp\/v2\/pages"}],"about":[{"href":"https:\/\/diarioelpopular.com\/index.php\/wp-json\/wp\/v2\/types\/page"}],"author":[{"embeddable":true,"href":"https:\/\/diarioelpopular.com\/index.php\/wp-json\/wp\/v2\/users\/99"}],"replies":[{"embeddable":true,"href":"https:\/\/diarioelpopular.com\/index.php\/wp-json\/wp\/v2\/comments?post=512298"}],"version-history":[{"count":1,"href":"https:\/\/diarioelpopular.com\/index.php\/wp-json\/wp\/v2\/pages\/512298\/revisions"}],"predecessor-version":[{"id":512300,"href":"https:\/\/diarioelpopular.com\/index.php\/wp-json\/wp\/v2\/pages\/512298\/revisions\/512300"}],"wp:featuredmedia":[{"embeddable":true,"href":"https:\/\/diarioelpopular.com\/index.php\/wp-json\/wp\/v2\/media\/512299"}],"wp:attachment":[{"href":"https:\/\/diarioelpopular.com\/index.php\/wp-json\/wp\/v2\/media?parent=512298"}],"curies":[{"name":"wp","href":"https:\/\/api.w.org\/{rel}","templated":true}]}}